What is the remainder when 115 is divided by x?
52
Suppose 0*f = -3*y + 5*f + 90, -3*f + 9 = 0. Suppose 9*h - 4*h = y. Suppose 7*b + g - 60 = 4*b, -13 = -b + 2*g. Calculate the remainder when b is divided by h.
5
Suppose -28 = -2*i - i + a, 2*i + a - 22 = 0. Calculate the remainder when (-6)/51 - 25/(3825/(-7362)) is divided by i.
8
Let k = -22 + 51. Calculate the remainder when k is divided by -6*(2 + -1) + (-29778)/(-1418).
14
Let j(g) = -g**2 + g + 10. Let f be j(0). Let x(b) = 2*b - 19. Let v be x(f). Calculate the remainder when 35 is divided by 2/4*(v - -37).
16
Suppose 7 - 2 = -5*m. What is the remainder when 36 is divided by 13*((-1)/5)/(m/5)?
10
Suppose 2*a = -b - 178, 0*a + 5*a + 4*b = -439. Let m = a - -171. Calculate the remainder when m is divided by 14.
10
Suppose 2*n - 51 = 77. Let p = -35 + n. Let k(q) = -q**3 - 5*q**2 + 4*q - 4. What is the remainder when p is divided by k(-6)?
5
Let s(v) = v**3 - 14*v**2 + 11*v + 14. Let z be s(13). Let l(d) = -d**2 + 7*d - 11. Let g be l(9). Let t = z - g. What is the remainder when t is divided by 5?
2
Let h be (3 - 4)*(-2 - -33). Let n = -25 - h. Calculate the remainder when 22 is divided by n.
4
Suppose -u = -0*u - 35. What is the remainder when 113 is divided by u?
8
Suppose -w + 50 = 5*h, 2*h + 9*w - 4*w + 3 = 0. What is the remainder when 30 is divided by h?
8
Let l = -65 + 83. What is the remainder when 24 is divided by l?
6
Let s = -23 + 24. Let g(c) = -18*c**2 - 3 - 2 - 18*c - s - c**3 - 8. What is the remainder when 10 is divided by g(-17)?
1
Let c(l) = l**3 + 11*l**2 - 14*l + 5. What is the remainder when 199 is divided by c(-12)?
25
Suppose -2*h + 5*z + 28 + 54 = 0, -4*z + 220 = 4*h. Calculate the remainder when h is divided by 19.
13
Let k(s) = s**3 - 9*s**2 + s + 11. Let t be k(9). Suppose 0 = 4*x + 5*x + 144. Calculate the remainder when 26 is divided by x/t - (-78)/10.
5
Let j be (-1)/3*(2 - -1). Let q(x) = -7*x**3 + x**2 - x. Let p(t) = t**3 + t**2. Let u(f) = -2*p(f) + q(f). Calculate the remainder when 13 is divided by u(j).
4
Suppose 3*t - 16 = -5*l, 2*l + 5*t = -0 - 5. Suppose -3*j - j = u - 84, -294 = -4*u + l*j. Calculate the remainder when u is divided by 11.
10
Let a(s) be the second derivative of 5/2*s**2 - 5/2*s**3 + 1/12*s**4 - 2*s + 0. Calculate the remainder when 13 is divided by a(15).
3
Suppose -225 = -5*u - 2*a, -2*u + 0*u = 5*a - 111. Calculate the remainder when u is divided by ((-20)/(-25))/((-3)/(-60)).
11
Let x(o) be the second derivative of o**4/12 + o**3/6 - 7*o**2/2 + o. What is the remainder when (5 - (-2 - 63)) + -4 is divided by x(-6)?
20
Let z(t) = 5 - 7*t - 2 + 2 - t**2. What is the remainder when 7/(-21) - 55/(-3) is divided by z(-7)?
3
Let a(i) = -i**2 + 13*i - 2. Suppose 8*o - 56 = -3*x + 3*o, -o = 3*x - 40. Let h be a(x). What is the remainder when 45 is divided by (-4)/h + 310/25?
9
Let f = -6 - -8. Suppose 0*u - f*u + 153 = -3*n, 38 = -n + 5*u. Let r = 78 + n. What is the remainder when 48 is divided by r?
23
Suppose 64 = 4*f + 2*u, 5*f + 80 = 10*f - u. What is the remainder when 20 is divided by f?
4
Let p = -7 - -3. Let b(u) = -u**3 - 5*u**2 - 6*u - 6. Let i be b(p). Calculate the remainder when (i - -17)*(6 + -3) is divided by 12.
9
Let k = -38 + 42. Suppose i + k*y + 5 = 0, i = -0*y - y + 10. Let n(o) = 4*o + 1. What is the remainder when n(7) is divided by i?
14
Calculate the remainder when 159 is divided by 196 + -200 - (-44 + -1).
36
Let b be (-54)/(-2) - (6 + (3 - 6)). Suppose -3*r - 39 = -k, 11 + b = k - r. Calculate the remainder when k is divided by 21.
12
Suppose -4*a = -4, 3 = -2*v - 0*a + 5*a. Suppose 40*h - 715 = -13*h + 610. Calculate the remainder when (-20)/v*24/(-10) is divided by h.
23
Suppose -3*a = -a - 5*c - 230, -345 = -3*a - c. Let j = 121 - a. What is the remainder when 35 is divided by j?
5
Suppose 3*x = g + 2*g - 144, 185 = 4*g + 3*x. Suppose -3*b = -5*l - g, -3*l = -2*b + 3*b - 39. Calculate the remainder when 71 is divided by b.
23
Suppose -4*x - 34 = -158. Let s = 38 - x. Suppose 0 = -5*a + 28 + s. What is the remainder when a is divided by 4?
3
Suppose 4*s = -y + 276, 35 = s - y - 29. What is the remainder when s is divided by 36?
32
Suppose z + 48 = 5. Let t = z - -64. Calculate the remainder when 53 is divided by t.
11
Let s = 40 + 7. Suppose -6*y + 40 = -y - 5*a, y - 4*a - 20 = 0. Suppose u - 2 = 0, -y*x - 4*u = -5*u - 46. Calculate the remainder when s is divided by x.
11
Let b = 198 - 111. Suppose 6*t - 169 + 61 = 0. Calculate the remainder when b is divided by t.
15
Calculate the remainder when 104 is divided by ((-60)/(-16) - 3)/((-2)/(-56)).
20
Suppose -2*r + 496 = -24. Calculate the remainder when r is divided by 29.
28
Suppose -4*w = w - 35. Suppose 80 = w*j - 102. What is the remainder when 128 is divided by j?
24
Let t(d) = 11*d + 149. What is the remainder when 38 is divided by t(-12)?
4
What is the remainder when 51 is divided by (-1 + 7)/(152/(-24) - -7)?
6
What is the remainder when ((-39)/26)/(2/(-1228)) is divided by 12?
9
Let w be (-4)/22 - 5/((-165)/171). Suppose 5 = 4*k + w*x - 28, 3*k - 5*x = 16. What is the remainder when 46 is divided by k?
4
Let y(m) = -m**2 - 17*m - 25. Let j be y(-17). Let b = j + 42. Suppose 0*x + b = x. What is the remainder when x is divided by 5?
2
Let v = -230 + 240. Let c(n) = -n**3 + 5*n. Let a(i) = -i**3 - i. Let k(q) = 3*a(q) + c(q). Calculate the remainder when k(-2) is divided by v.
8
Let l(h) = -h**2 - h + 10. Let f be l(7). Let n = 69 + f. Calculate the remainder when 90 is divided by n.
21
Let l(n) = -6*n + 11. Let w be l(3). Let z be 4/2 + 16/2. Let m = w + z. Calculate the remainder when m is divided by 2.
1
Let d be 1/(-2) + 3/2. Suppose -d - 9 = -m. Suppose -19*a = -234 - 108. What is the remainder when a is divided by m?
8
Let n(f) be the first derivative of -4*f**2 - 19*f - 20. What is the remainder when 164 is divided by n(-5)?
17
Let d = -1259 - -1263. What is the remainder when 62 is divided by d?
2
Let v be 8/12 + 19/3. Suppose 0 = -5*d + 28 + v. Let j = d - -3. Calculate the remainder when j is divided by 6.
4
Let z(o) = -2*o**3 + 30*o**2 + 4*o + 1. Calculate the remainder when z(15) is divided by (-57 + 15)*(-1)/2.
19
Suppose 2*p = -0*p - 4*k - 26, -3*p + 5*k = -16. Calculate the remainder when 53 is divided by 19 + p + -4 + 6.
17
Suppose 0 = -17*p + 350 + 908. What is the remainder when 213 is divided by p?
65
Let h(y) = -y + 12. Let p be h(9). Suppose 0 = -p*x + 2*x + 12. Suppose -13*a = -20*a + 315. Calculate the remainder when a is divided by x.
9
Let f be -1 + -1 + 8/2. Let w(g) = f - 2*g - 23*g - 3. What is the remainder when w(-3) is divided by 19?
17
Suppose -4*t + 24 = 4*t. Suppose 0 = 2*v + t - 9. What is the remainder when 3 is divided by v?
0
Suppose 103*v = -64*v - 96*v + 2630. What is the remainder when -2*1 + 0 + 89 is divided by v?
7
Calculate the remainder when 22 is divided by ((-84)/(-210))/(2 - 57/30).
2
Let c = 942 + -907. Calculate the remainder when c is divided by 22.
13
Let v(a) be the first derivative of -a**3/6 + a**2/2 - 3*a + 2. Let n(d) be the first derivative of v(d). What is the remainder when 13 is divided by n(-4)?
3
What is the remainder when ((-2)/(-4))/((-5)/(-540)) is divided by 28 - ((-2)/(-8) + (-23)/92)?
26
Let g(c) = c**2 - 4*c - 23. Suppose -3*r + 7*v = 3*v - 12, 0 = 3*r - 3*v - 15. What is the remainder when 52 is divided by g(r)?
7
Suppose -4*t = 3*y - 639 - 1017, -7*t = -4*y - 2935. What is the remainder when t is divided by 140?
137
Let m = 1496 + -1282. What is the remainder when m is divided by 43?
42
Let q(d) = -d**2 + 8*d - 6. Let k be q(5). Suppose g + 2*g - k = 0. Suppose -2*l - g*l + 60 = 0. What is the remainder when 19 is divided by l?
7
Let k be 39/12 - 12/(-16). Let a be -1 - -5 - (k + -2). Suppose -5*j + 38 = a*n, -5*j - n + 23 = -2*j. Calculate the remainder when j is divided by 2.
0
Suppose 9*y + 842 = 11*y. Calculate the remainder when y is divided by 53.
50
Let i(m) = 3*m - 37. Let h be i(16). Suppose -2*z + h = 1, -s + 14 = 2*z. Suppose -29 = -2*k - 9. What is the remainder when k is divided by s?
2
Suppose 0 = 4*h - 5*h - 192. Let y = h - -299. Let l = -23 + 59. Calculate the remainder when y is divided by l.
35
Let i(x) = -224*x - 197. What is the remainder when i(-3) is